{"id":968,"date":"2022-07-21T12:45:20","date_gmt":"2022-07-21T10:45:20","guid":{"rendered":"https:\/\/produktion-besser-machen.de\/?page_id=968"},"modified":"2022-08-23T08:21:01","modified_gmt":"2022-08-23T06:21:01","slug":"referenzbauteil","status":"publish","type":"page","link":"https:\/\/produktion-besser-machen.de\/?page_id=968","title":{"rendered":"Referenzbauteil"},"content":{"rendered":"<p>[et_pb_section fb_built=&#8220;1&#8243; fullwidth=&#8220;on&#8220; custom_padding_last_edited=&#8220;on|desktop&#8220; admin_label=&#8220;Logo Section&#8220; _builder_version=&#8220;4.8.0&#8243; background_color=&#8220;#101535&#8243; background_image=&#8220;https:\/\/produktion-besser-machen.de\/wp-content\/uploads\/2020\/11\/crypto-bg-02.png&#8220; parallax=&#8220;on&#8220; custom_margin=&#8220;||||false|false&#8220; custom_padding=&#8220;100px||30px||false|false&#8220; custom_padding_tablet=&#8220;&#8220; custom_padding_phone=&#8220;150px||||false|false&#8220;][et_pb_fullwidth_image src=&#8220;https:\/\/produktion-besser-machen.de\/wp-content\/uploads\/2020\/12\/Logo-PBM-02.png&#8220; alt=&#8220;Logo Produktion.Besser.Machen.&#8220; title_text=&#8220;Logo-PBM-02&#8243; admin_label=&#8220;Logo&#8220; _builder_version=&#8220;4.8.0&#8243; _module_preset=&#8220;default&#8220; width=&#8220;10%&#8220; width_tablet=&#8220;64%&#8220; width_phone=&#8220;65%&#8220; width_last_edited=&#8220;on|tablet&#8220; module_alignment=&#8220;center&#8220; custom_margin=&#8220;||||false|false&#8220; custom_padding=&#8220;||50px||false|false&#8220; custom_padding_tablet=&#8220;&#8220; custom_padding_phone=&#8220;||0px||false|false&#8220; custom_padding_last_edited=&#8220;on|desktop&#8220; animation_style=&#8220;zoom&#8220; animation_speed_curve=&#8220;ease-in&#8220; hover_transition_speed_curve=&#8220;ease-in-out&#8220; scroll_vertical_motion=&#8220;0|50|50|100|0|0|-4&#8243; scroll_horizontal_motion=&#8220;0|60|60|100|4|0|-4&#8243;][\/et_pb_fullwidth_image][\/et_pb_section][et_pb_section fb_built=&#8220;1&#8243; admin_label=&#8220;Intro&#8220; _builder_version=&#8220;4.8.0&#8243; background_color=&#8220;#101535&#8243; custom_margin=&#8220;||||false|false&#8220; custom_padding=&#8220;|||&#8220;][et_pb_row _builder_version=&#8220;4.8.0&#8243;][et_pb_column type=&#8220;4_4&#8243; _builder_version=&#8220;3.25&#8243; custom_padding=&#8220;|||&#8220; custom_padding__hover=&#8220;|||&#8220;][et_pb_text _builder_version=&#8220;4.8.0&#8243; text_font=&#8220;||||||||&#8220; header_font=&#8220;||||||||&#8220; header_2_font=&#8220;|600|||||||&#8220; header_2_font_size=&#8220;36px&#8220; header_2_letter_spacing=&#8220;2px&#8220; header_2_line_height=&#8220;1.3em&#8220; text_orientation=&#8220;center&#8220; background_layout=&#8220;dark&#8220; animation_style=&#8220;slide&#8220; animation_direction=&#8220;bottom&#8220; hover_enabled=&#8220;0&#8243; header_2_font_size_tablet=&#8220;&#8220; header_2_font_size_phone=&#8220;28px&#8220; header_2_font_size_last_edited=&#8220;on|phone&#8220; sticky_enabled=&#8220;0&#8243;]<\/p>\n<h2><strong>Referenzbauteil<\/strong><\/h2>\n<h2>f\u00fcr die Bestimmung der Bauteilqualit\u00e4t bei der additiven Materialextursion<\/h2>\n<p>[\/et_pb_text][et_pb_image src=&#8220;https:\/\/produktion-besser-machen.de\/wp-content\/uploads\/2022\/08\/DSC02740_edit-1.jpg&#8220; title_text=&#8220;DSC02740_edit&#8220; align=&#8220;center&#8220; _builder_version=&#8220;4.8.0&#8243; _module_preset=&#8220;default&#8220; max_width=&#8220;80%&#8220; border_width_all=&#8220;2px&#8220; border_color_all=&#8220;#4328b7&#8243; box_shadow_style=&#8220;preset1&#8243; box_shadow_blur=&#8220;60px&#8220; box_shadow_color=&#8220;rgba(12,113,195,0.3)&#8220;][\/et_pb_image][et_pb_text _builder_version=&#8220;4.8.0&#8243; text_font=&#8220;||||||||&#8220; text_font_size=&#8220;16px&#8220; text_line_height=&#8220;2em&#8220; header_font=&#8220;||||||||&#8220; text_orientation=&#8220;center&#8220; background_layout=&#8220;dark&#8220; max_width=&#8220;700px&#8220; module_alignment=&#8220;center&#8220; hover_enabled=&#8220;0&#8243; sticky_enabled=&#8220;0&#8243;]<\/p>\n<p>Qualit\u00e4tssicherung f\u00fcr das additive Fertigungsverfahren Materialextrusion in der Serienfertigung<\/p>\n<p>[\/et_pb_text][et_pb_divider color=&#8220;#4328B7&#8243; divider_weight=&#8220;4px&#8220; _builder_version=&#8220;3.3.1&#8243; max_width=&#8220;80px&#8220; module_alignment=&#8220;center&#8220; height=&#8220;4px&#8220;][\/et_pb_divider][\/et_pb_column][\/et_pb_row][et_pb_row column_structure=&#8220;1_2,1_2&#8243; use_custom_gutter=&#8220;on&#8220; gutter_width=&#8220;4&#8243; _builder_version=&#8220;4.6.6&#8243; _module_preset=&#8220;default&#8220;][et_pb_column type=&#8220;1_2&#8243; _builder_version=&#8220;4.6.6&#8243; _module_preset=&#8220;default&#8220;][et_pb_image src=&#8220;https:\/\/produktion-besser-machen.de\/wp-content\/uploads\/2020\/11\/LUP_Logo_deutsch_weiss.png&#8220; alt=&#8220;Logo Umweltgerechte Produktionstechnik&#8220; title_text=&#8220;LUP_Logo_deutsch_weiss&#8220; align=&#8220;right&#8220; align_tablet=&#8220;&#8220; align_phone=&#8220;center&#8220; align_last_edited=&#8220;on|phone&#8220; _builder_version=&#8220;4.8.0&#8243; _module_preset=&#8220;default&#8220; width=&#8220;30%&#8220; width_tablet=&#8220;30%&#8220; width_phone=&#8220;70%&#8220; width_last_edited=&#8220;on|tablet&#8220;][\/et_pb_image][\/et_pb_column][et_pb_column type=&#8220;1_2&#8243; _builder_version=&#8220;4.6.6&#8243; _module_preset=&#8220;default&#8220;][et_pb_image src=&#8220;https:\/\/produktion-besser-machen.de\/wp-content\/uploads\/2020\/11\/ipa_85mm_weiss.png&#8220; alt=&#8220;Logo Fraunhofer IPA&#8220; title_text=&#8220;ipa_85mm_weiss&#8220; align_tablet=&#8220;&#8220; align_phone=&#8220;center&#8220; align_last_edited=&#8220;on|phone&#8220; _builder_version=&#8220;4.8.0&#8243; _module_preset=&#8220;default&#8220; width=&#8220;30%&#8220; width_tablet=&#8220;30%&#8220; width_phone=&#8220;70%&#8220; width_last_edited=&#8220;on|phone&#8220;][\/et_pb_image][\/et_pb_column][\/et_pb_row][\/et_pb_section][et_pb_section fb_built=&#8220;1&#8243; custom_padding_last_edited=&#8220;off|desktop&#8220; prev_background_color=&#8220;#101535&#8243; admin_label=&#8220;Contact&#8220; _builder_version=&#8220;4.8.0&#8243; use_background_color_gradient=&#8220;on&#8220; background_color_gradient_start=&#8220;#12163D&#8220; background_color_gradient_end=&#8220;#2b2996&#8243; background_image=&#8220;https:\/\/produktion-besser-machen.de\/wp-content\/uploads\/2020\/11\/crypto-bg-02.png&#8220; parallax=&#8220;on&#8220; custom_margin=&#8220;|||&#8220; custom_padding=&#8220;50px|0|120px||false|false&#8220; custom_padding_tablet=&#8220;50px||||false|false&#8220; custom_padding_phone=&#8220;0px||100px||false|false&#8220; top_divider_style=&#8220;arrow2&#8243; top_divider_height=&#8220;350px&#8220; top_divider_height_tablet=&#8220;200px&#8220; top_divider_height_phone=&#8220;150px&#8220; top_divider_height_last_edited=&#8220;on|phone&#8220;][et_pb_row _builder_version=&#8220;4.8.0&#8243;][et_pb_column type=&#8220;4_4&#8243; _builder_version=&#8220;3.25&#8243; custom_padding=&#8220;|||&#8220; custom_padding__hover=&#8220;|||&#8220;][et_pb_text _builder_version=&#8220;4.8.0&#8243; text_font=&#8220;||||||||&#8220; header_font=&#8220;||||||||&#8220; header_2_font=&#8220;Titillium Web|600|||||||&#8220; header_2_font_size=&#8220;36px&#8220; header_2_letter_spacing=&#8220;2px&#8220; header_2_line_height=&#8220;1.3em&#8220; text_orientation=&#8220;center&#8220; background_layout=&#8220;dark&#8220; hover_enabled=&#8220;0&#8243; header_2_font_size_tablet=&#8220;&#8220; header_2_font_size_phone=&#8220;28px&#8220; header_2_font_size_last_edited=&#8220;on|phone&#8220; sticky_enabled=&#8220;0&#8243;]<\/p>\n<h2>Sie wollen das Referenzbauteil bei sich einsetzen?<\/h2>\n<h2>Nach dem Eintrag Ihrer Kontaktdaten schicken wir Ihnen alle notwendigen Informationen kostenfrei per Mail zu.<\/h2>\n<p>[\/et_pb_text][et_pb_divider color=&#8220;#4328B7&#8243; divider_weight=&#8220;4px&#8220; _builder_version=&#8220;3.2&#8243; max_width=&#8220;80px&#8220; module_alignment=&#8220;center&#8220; height=&#8220;4px&#8220;][\/et_pb_divider][et_pb_text _builder_version=&#8220;4.8.0&#8243; text_font=&#8220;||||||||&#8220; text_font_size=&#8220;18px&#8220; text_line_height=&#8220;2em&#8220; header_font=&#8220;||||||||&#8220; text_orientation=&#8220;center&#8220; background_layout=&#8220;dark&#8220; max_width=&#8220;700px&#8220; module_alignment=&#8220;center&#8220;]<\/p>\n<p>Wir danken f\u00fcr Ihre Interesse.<\/p>\n<p>[\/et_pb_text][\/et_pb_column][\/et_pb_row][et_pb_row _builder_version=&#8220;3.25&#8243; custom_margin=&#8220;40px|||&#8220; custom_padding=&#8220;0||0||false|false&#8220; animation_style=&#8220;fade&#8220; animation_direction=&#8220;top&#8220; box_shadow_style=&#8220;preset1&#8243; box_shadow_blur=&#8220;60px&#8220; box_shadow_color=&#8220;rgba(60,60,200,0.4)&#8220;][et_pb_column type=&#8220;4_4&#8243; _builder_version=&#8220;3.25&#8243; custom_padding=&#8220;|||&#8220; custom_padding__hover=&#8220;|||&#8220;][et_pb_contact_form email=&#8220;3dqleitfaden@ipa.fraunhofer.de&#8220; custom_message=&#8220;Anfrage Referenzbauteil \u00fcber www.produktion-besser-machen.de||et_pb_line_break_holder||||et_pb_line_break_holder||Name: %%Name%%||et_pb_line_break_holder||Firma: %%Firma%%||et_pb_line_break_holder||Telefon: %%Telefon%%||et_pb_line_break_holder||E-Mail: %%E-Mail%%||et_pb_line_break_holder||Nachricht: %%Nachricht%%&#8220; success_message=&#8220;Danke f\u00fcr Ihre Nachricht. Wir werden uns zeitnah bei Ihnen melden.&#8220; admin_label=&#8220;Kontaktformular&#8220; module_id=&#8220;et_pb_contact_form_0&#8243; _builder_version=&#8220;4.8.0&#8243; form_field_background_color=&#8220;rgba(67,40,183,0.08)&#8220; form_field_text_color=&#8220;#42526b&#8220; title_font=&#8220;||||||||&#8220; form_field_font=&#8220;Titillium Web|600||on|||||&#8220; form_field_font_size=&#8220;12px&#8220; form_field_letter_spacing=&#8220;1px&#8220; background_color=&#8220;#ffffff&#8220; custom_button=&#8220;on&#8220; button_text_size=&#8220;13px&#8220; button_text_color=&#8220;#ffffff&#8220; button_bg_color=&#8220;#4328b7&#8243; button_border_width=&#8220;10px&#8220; button_border_color=&#8220;#4328b7&#8243; button_border_radius=&#8220;0px&#8220; button_letter_spacing=&#8220;2px&#8220; button_font=&#8220;Titillium Web|700||on|||||&#8220; custom_margin=&#8220;|||&#8220; custom_padding=&#8220;50px|50px|50px|50px&#8220; border_color_all=&#8220;#666EE8&#8243; box_shadow_style_button=&#8220;preset3&#8243; form_background_color=&#8220;rgba(67,40,183,0.08)&#8220;][et_pb_contact_field field_id=&#8220;Name&#8220; field_title=&#8220;Ihr Name&#8220; _builder_version=&#8220;4.6.6&#8243; form_field_font=&#8220;|600||on|||||&#8220; button_text_size__hover_enabled=&#8220;off&#8220; button_one_text_size__hover_enabled=&#8220;off&#8220; button_two_text_size__hover_enabled=&#8220;off&#8220; button_text_color__hover_enabled=&#8220;off&#8220; button_one_text_color__hover_enabled=&#8220;off&#8220; button_two_text_color__hover_enabled=&#8220;off&#8220; button_border_width__hover_enabled=&#8220;off&#8220; button_one_border_width__hover_enabled=&#8220;off&#8220; button_two_border_width__hover_enabled=&#8220;off&#8220; button_border_color__hover_enabled=&#8220;off&#8220; button_one_border_color__hover_enabled=&#8220;off&#8220; button_two_border_color__hover_enabled=&#8220;off&#8220; button_border_radius__hover_enabled=&#8220;off&#8220; button_one_border_radius__hover_enabled=&#8220;off&#8220; button_two_border_radius__hover_enabled=&#8220;off&#8220; button_letter_spacing__hover_enabled=&#8220;off&#8220; button_one_letter_spacing__hover_enabled=&#8220;off&#8220; button_two_letter_spacing__hover_enabled=&#8220;off&#8220; button_bg_color__hover_enabled=&#8220;off&#8220; button_one_bg_color__hover_enabled=&#8220;off&#8220; button_two_bg_color__hover_enabled=&#8220;off&#8220;][\/et_pb_contact_field][et_pb_contact_field field_id=&#8220;Firma&#8220; field_title=&#8220;Ihr Unternehmen&#8220; _builder_version=&#8220;4.8.0&#8243; _module_preset=&#8220;default&#8220;][\/et_pb_contact_field][et_pb_contact_field field_id=&#8220;E-Mail&#8220; field_title=&#8220;Ihre E-Mail&#8220; field_type=&#8220;email&#8220; _builder_version=&#8220;4.8.0&#8243; form_field_font=&#8220;|600||on|||||&#8220; button_text_size__hover_enabled=&#8220;off&#8220; button_one_text_size__hover_enabled=&#8220;off&#8220; button_two_text_size__hover_enabled=&#8220;off&#8220; button_text_color__hover_enabled=&#8220;off&#8220; button_one_text_color__hover_enabled=&#8220;off&#8220; button_two_text_color__hover_enabled=&#8220;off&#8220; button_border_width__hover_enabled=&#8220;off&#8220; button_one_border_width__hover_enabled=&#8220;off&#8220; button_two_border_width__hover_enabled=&#8220;off&#8220; button_border_color__hover_enabled=&#8220;off&#8220; button_one_border_color__hover_enabled=&#8220;off&#8220; button_two_border_color__hover_enabled=&#8220;off&#8220; button_border_radius__hover_enabled=&#8220;off&#8220; button_one_border_radius__hover_enabled=&#8220;off&#8220; button_two_border_radius__hover_enabled=&#8220;off&#8220; button_letter_spacing__hover_enabled=&#8220;off&#8220; button_one_letter_spacing__hover_enabled=&#8220;off&#8220; button_two_letter_spacing__hover_enabled=&#8220;off&#8220; button_bg_color__hover_enabled=&#8220;off&#8220; button_one_bg_color__hover_enabled=&#8220;off&#8220; button_two_bg_color__hover_enabled=&#8220;off&#8220;][\/et_pb_contact_field][et_pb_contact_field field_id=&#8220;Telefon&#8220; field_title=&#8220;Ihre Telefonnummer&#8220; _builder_version=&#8220;4.8.0&#8243; form_field_font=&#8220;|600||on|||||&#8220; button_text_size__hover_enabled=&#8220;off&#8220; button_one_text_size__hover_enabled=&#8220;off&#8220; button_two_text_size__hover_enabled=&#8220;off&#8220; button_text_color__hover_enabled=&#8220;off&#8220; button_one_text_color__hover_enabled=&#8220;off&#8220; button_two_text_color__hover_enabled=&#8220;off&#8220; button_border_width__hover_enabled=&#8220;off&#8220; button_one_border_width__hover_enabled=&#8220;off&#8220; button_two_border_width__hover_enabled=&#8220;off&#8220; button_border_color__hover_enabled=&#8220;off&#8220; button_one_border_color__hover_enabled=&#8220;off&#8220; button_two_border_color__hover_enabled=&#8220;off&#8220; button_border_radius__hover_enabled=&#8220;off&#8220; button_one_border_radius__hover_enabled=&#8220;off&#8220; button_two_border_radius__hover_enabled=&#8220;off&#8220; button_letter_spacing__hover_enabled=&#8220;off&#8220; button_one_letter_spacing__hover_enabled=&#8220;off&#8220; button_two_letter_spacing__hover_enabled=&#8220;off&#8220; button_bg_color__hover_enabled=&#8220;off&#8220; button_one_bg_color__hover_enabled=&#8220;off&#8220; button_two_bg_color__hover_enabled=&#8220;off&#8220;][\/et_pb_contact_field][et_pb_contact_field field_id=&#8220;Datenschutz&#8220; field_title=&#8220;Datenschutzbestimmungen&#8220; field_type=&#8220;radio&#8220; radio_options=&#8220;%91{%22value%22:%22Ich akzeptiere die Datenschutzbestimmungen des Fraunhofer IPA%22,%22checked%22:0,%22dragID%22:-1,%22link_url%22:%22https:\/\/produktion-besser-machen.de\/?page_id=421%22}%93&#8243; fullwidth_field=&#8220;on&#8220; _builder_version=&#8220;4.8.0&#8243; _module_preset=&#8220;default&#8220;][\/et_pb_contact_field][\/et_pb_contact_form][\/et_pb_column][\/et_pb_row][et_pb_row column_structure=&#8220;1_2,1_2&#8243; _builder_version=&#8220;4.6.6&#8243; _module_preset=&#8220;default&#8220; custom_margin=&#8220;70px||||false|false&#8220;][et_pb_column type=&#8220;1_2&#8243; _builder_version=&#8220;4.6.6&#8243; _module_preset=&#8220;default&#8220;][et_pb_image src=&#8220;https:\/\/produktion-besser-machen.de\/wp-content\/uploads\/2020\/11\/LUP_Logo_deutsch_weiss.png&#8220; alt=&#8220;Logo Umweltgerechte Produktionstechnik&#8220; title_text=&#8220;LUP_Logo_deutsch_weiss&#8220; align=&#8220;right&#8220; align_tablet=&#8220;&#8220; align_phone=&#8220;center&#8220; align_last_edited=&#8220;on|phone&#8220; _builder_version=&#8220;4.8.0&#8243; _module_preset=&#8220;default&#8220; width_tablet=&#8220;&#8220; width_phone=&#8220;70%&#8220; width_last_edited=&#8220;on|phone&#8220; max_width=&#8220;30%&#8220;][\/et_pb_image][\/et_pb_column][et_pb_column type=&#8220;1_2&#8243; _builder_version=&#8220;4.6.6&#8243; _module_preset=&#8220;default&#8220;][et_pb_image src=&#8220;https:\/\/produktion-besser-machen.de\/wp-content\/uploads\/2020\/11\/ipa_85mm_weiss.png&#8220; alt=&#8220;Logo Fraunhofer IPA&#8220; title_text=&#8220;ipa_85mm_weiss&#8220; align_tablet=&#8220;&#8220; align_phone=&#8220;center&#8220; align_last_edited=&#8220;on|desktop&#8220; _builder_version=&#8220;4.8.0&#8243; _module_preset=&#8220;default&#8220; max_width=&#8220;30%&#8220;][\/et_pb_image][\/et_pb_column][\/et_pb_row][et_pb_row admin_label=&#8220;Zeile&#8220; _builder_version=&#8220;4.6.6&#8243; _module_preset=&#8220;default&#8220;][et_pb_column type=&#8220;4_4&#8243; _builder_version=&#8220;4.6.6&#8243; _module_preset=&#8220;default&#8220;][et_pb_social_media_follow icon_color=&#8220;#ffffff&#8220; use_icon_font_size=&#8220;on&#8220; _builder_version=&#8220;4.8.0&#8243; _module_preset=&#8220;default&#8220; text_orientation=&#8220;center&#8220;][et_pb_social_media_follow_network social_network=&#8220;linkedin&#8220; url=&#8220;https:\/\/www.linkedin.com\/company\/produktion-besser-machen&#8220; _builder_version=&#8220;4.8.0&#8243; _module_preset=&#8220;default&#8220; background_color=&#8220;#007bb6&#8243; follow_button=&#8220;off&#8220; url_new_window=&#8220;on&#8220;]linkedin[\/et_pb_social_media_follow_network][et_pb_social_media_follow_network social_network=&#8220;youtube&#8220; url=&#8220;https:\/\/www.youtube.com\/channel\/UC_920ZnsFkdAK33GbiQ9oiw&#8220; _builder_version=&#8220;4.8.0&#8243; _module_preset=&#8220;default&#8220; background_color=&#8220;#a82400&#8243; follow_button=&#8220;off&#8220; url_new_window=&#8220;on&#8220;]youtube[\/et_pb_social_media_follow_network][\/et_pb_social_media_follow][\/et_pb_column][\/et_pb_row][et_pb_row column_structure=&#8220;1_2,1_2&#8243; admin_label=&#8220;Zeile&#8220; _builder_version=&#8220;4.6.6&#8243; _module_preset=&#8220;default&#8220;][et_pb_column type=&#8220;1_2&#8243; _builder_version=&#8220;4.6.6&#8243; _module_preset=&#8220;default&#8220;][et_pb_text _builder_version=&#8220;4.8.0&#8243; _module_preset=&#8220;default&#8220; text_orientation=&#8220;right&#8220; background_layout=&#8220;dark&#8220; text_orientation_tablet=&#8220;&#8220; text_orientation_phone=&#8220;left&#8220; text_orientation_last_edited=&#8220;on|phone&#8220;]<a href=\"https:\/\/produktion-besser-machen.de\/?page_id=386\">Impressum<\/a><\/p>\n<p><a href=\"https:\/\/produktion-besser-machen.de\/?page_id=421\">Datenschutz<\/a>[\/et_pb_text][\/et_pb_column][et_pb_column type=&#8220;1_2&#8243; _builder_version=&#8220;4.6.6&#8243; _module_preset=&#8220;default&#8220;][et_pb_text _builder_version=&#8220;4.8.0&#8243; _module_preset=&#8220;default&#8220; background_layout=&#8220;dark&#8220;]<\/p>\n<p>Produktion.Besser.Machen.<br \/>Fraunhofer-Projektgruppe Prozessinnovation<br \/>des Fraunhofer IPA<\/p>\n<p>0921 78516-0<br \/>ich-will-meine@produktion-besser-machen.de<\/p>\n<p>[\/et_pb_text][\/et_pb_column][\/et_pb_row][\/et_pb_section]<\/p>\n","protected":false},"excerpt":{"rendered":"<p>Referenzbauteil f\u00fcr die Bestimmung der Bauteilqualit\u00e4t bei der additiven Materialextursion Qualit\u00e4tssicherung f\u00fcr das additive Fertigungsverfahren Materialextrusion in der SerienfertigungSie wollen das Referenzbauteil bei sich einsetzen? Nach dem Eintrag Ihrer Kontaktdaten schicken wir Ihnen alle notwendigen Informationen kostenfrei per Mail zu. Wir danken f\u00fcr Ihre Interesse.Impressum DatenschutzProduktion.Besser.Machen.Fraunhofer-Projektgruppe Prozessinnovationdes Fraunhofer IPA 0921 78516-0ich-will-meine@produktion-besser-machen.de<\/p>\n","protected":false},"author":2,"featured_media":0,"parent":0,"menu_order":0,"comment_status":"closed","ping_status":"closed","template":"","meta":{"_et_pb_use_builder":"on","_et_pb_old_content":"","_et_gb_content_width":"","footnotes":""},"class_list":["post-968","page","type-page","status-publish","hentry"],"yoast_head":"<!-- This site is optimized with the Yoast SEO plugin v24.9 - https:\/\/yoast.com\/wordpress\/plugins\/seo\/ -->\n<title>Referenzbauteil - Produktion.Besser.Machen.<\/title>\n<meta name=\"robots\" content=\"index, follow, max-snippet:-1, max-image-preview:large, max-video-preview:-1\" \/>\n<link rel=\"canonical\" href=\"https:\/\/produktion-besser-machen.de\/?page_id=968\" \/>\n<meta property=\"og:locale\" content=\"de_DE\" \/>\n<meta property=\"og:type\" content=\"article\" \/>\n<meta property=\"og:title\" content=\"Referenzbauteil - Produktion.Besser.Machen.\" \/>\n<meta property=\"og:description\" content=\"Referenzbauteil f\u00fcr die Bestimmung der Bauteilqualit\u00e4t bei der additiven Materialextursion Qualit\u00e4tssicherung f\u00fcr das additive Fertigungsverfahren Materialextrusion in der SerienfertigungSie wollen das Referenzbauteil bei sich einsetzen? Nach dem Eintrag Ihrer Kontaktdaten schicken wir Ihnen alle notwendigen Informationen kostenfrei per Mail zu. Wir danken f\u00fcr Ihre Interesse.Impressum DatenschutzProduktion.Besser.Machen.Fraunhofer-Projektgruppe Prozessinnovationdes Fraunhofer IPA 0921 78516-0ich-will-meine@produktion-besser-machen.de\" \/>\n<meta property=\"og:url\" content=\"https:\/\/produktion-besser-machen.de\/?page_id=968\" \/>\n<meta property=\"og:site_name\" content=\"Produktion.Besser.Machen.\" \/>\n<meta property=\"article:modified_time\" content=\"2022-08-23T06:21:01+00:00\" \/>\n<meta name=\"twitter:card\" content=\"summary_large_image\" \/>\n<meta name=\"twitter:label1\" content=\"Gesch\u00e4tzte Lesezeit\" \/>\n\t<meta name=\"twitter:data1\" content=\"3\u00a0Minuten\" \/>\n<script type=\"application\/ld+json\" class=\"yoast-schema-graph\">{\"@context\":\"https:\/\/schema.org\",\"@graph\":[{\"@type\":\"WebPage\",\"@id\":\"https:\/\/produktion-besser-machen.de\/?page_id=968\",\"url\":\"https:\/\/produktion-besser-machen.de\/?page_id=968\",\"name\":\"Referenzbauteil - Produktion.Besser.Machen.\",\"isPartOf\":{\"@id\":\"https:\/\/produktion-besser-machen.de\/#website\"},\"datePublished\":\"2022-07-21T10:45:20+00:00\",\"dateModified\":\"2022-08-23T06:21:01+00:00\",\"breadcrumb\":{\"@id\":\"https:\/\/produktion-besser-machen.de\/?page_id=968#breadcrumb\"},\"inLanguage\":\"de\",\"potentialAction\":[{\"@type\":\"ReadAction\",\"target\":[\"https:\/\/produktion-besser-machen.de\/?page_id=968\"]}]},{\"@type\":\"BreadcrumbList\",\"@id\":\"https:\/\/produktion-besser-machen.de\/?page_id=968#breadcrumb\",\"itemListElement\":[{\"@type\":\"ListItem\",\"position\":1,\"name\":\"Startseite\",\"item\":\"https:\/\/produktion-besser-machen.de\/\"},{\"@type\":\"ListItem\",\"position\":2,\"name\":\"Referenzbauteil\"}]},{\"@type\":\"WebSite\",\"@id\":\"https:\/\/produktion-besser-machen.de\/#website\",\"url\":\"https:\/\/produktion-besser-machen.de\/\",\"name\":\"Produktion.Besser.Machen.\",\"description\":\"Forschung und Beratung aus Bayreuth\",\"potentialAction\":[{\"@type\":\"SearchAction\",\"target\":{\"@type\":\"EntryPoint\",\"urlTemplate\":\"https:\/\/produktion-besser-machen.de\/?s={search_term_string}\"},\"query-input\":{\"@type\":\"PropertyValueSpecification\",\"valueRequired\":true,\"valueName\":\"search_term_string\"}}],\"inLanguage\":\"de\"}]}<\/script>\n<!-- \/ Yoast SEO plugin. -->","yoast_head_json":{"title":"Referenzbauteil - Produktion.Besser.Machen.","robots":{"index":"index","follow":"follow","max-snippet":"max-snippet:-1","max-image-preview":"max-image-preview:large","max-video-preview":"max-video-preview:-1"},"canonical":"https:\/\/produktion-besser-machen.de\/?page_id=968","og_locale":"de_DE","og_type":"article","og_title":"Referenzbauteil - Produktion.Besser.Machen.","og_description":"Referenzbauteil f\u00fcr die Bestimmung der Bauteilqualit\u00e4t bei der additiven Materialextursion Qualit\u00e4tssicherung f\u00fcr das additive Fertigungsverfahren Materialextrusion in der SerienfertigungSie wollen das Referenzbauteil bei sich einsetzen? Nach dem Eintrag Ihrer Kontaktdaten schicken wir Ihnen alle notwendigen Informationen kostenfrei per Mail zu. Wir danken f\u00fcr Ihre Interesse.Impressum DatenschutzProduktion.Besser.Machen.Fraunhofer-Projektgruppe Prozessinnovationdes Fraunhofer IPA 0921 78516-0ich-will-meine@produktion-besser-machen.de","og_url":"https:\/\/produktion-besser-machen.de\/?page_id=968","og_site_name":"Produktion.Besser.Machen.","article_modified_time":"2022-08-23T06:21:01+00:00","twitter_card":"summary_large_image","twitter_misc":{"Gesch\u00e4tzte Lesezeit":"3\u00a0Minuten"},"schema":{"@context":"https:\/\/schema.org","@graph":[{"@type":"WebPage","@id":"https:\/\/produktion-besser-machen.de\/?page_id=968","url":"https:\/\/produktion-besser-machen.de\/?page_id=968","name":"Referenzbauteil - Produktion.Besser.Machen.","isPartOf":{"@id":"https:\/\/produktion-besser-machen.de\/#website"},"datePublished":"2022-07-21T10:45:20+00:00","dateModified":"2022-08-23T06:21:01+00:00","breadcrumb":{"@id":"https:\/\/produktion-besser-machen.de\/?page_id=968#breadcrumb"},"inLanguage":"de","potentialAction":[{"@type":"ReadAction","target":["https:\/\/produktion-besser-machen.de\/?page_id=968"]}]},{"@type":"BreadcrumbList","@id":"https:\/\/produktion-besser-machen.de\/?page_id=968#breadcrumb","itemListElement":[{"@type":"ListItem","position":1,"name":"Startseite","item":"https:\/\/produktion-besser-machen.de\/"},{"@type":"ListItem","position":2,"name":"Referenzbauteil"}]},{"@type":"WebSite","@id":"https:\/\/produktion-besser-machen.de\/#website","url":"https:\/\/produktion-besser-machen.de\/","name":"Produktion.Besser.Machen.","description":"Forschung und Beratung aus Bayreuth","potentialAction":[{"@type":"SearchAction","target":{"@type":"EntryPoint","urlTemplate":"https:\/\/produktion-besser-machen.de\/?s={search_term_string}"},"query-input":{"@type":"PropertyValueSpecification","valueRequired":true,"valueName":"search_term_string"}}],"inLanguage":"de"}]}},"_links":{"self":[{"href":"https:\/\/produktion-besser-machen.de\/index.php?rest_route=\/wp\/v2\/pages\/968","targetHints":{"allow":["GET"]}}],"collection":[{"href":"https:\/\/produktion-besser-machen.de\/index.php?rest_route=\/wp\/v2\/pages"}],"about":[{"href":"https:\/\/produktion-besser-machen.de\/index.php?rest_route=\/wp\/v2\/types\/page"}],"author":[{"embeddable":true,"href":"https:\/\/produktion-besser-machen.de\/index.php?rest_route=\/wp\/v2\/users\/2"}],"replies":[{"embeddable":true,"href":"https:\/\/produktion-besser-machen.de\/index.php?rest_route=%2Fwp%2Fv2%2Fcomments&post=968"}],"version-history":[{"count":17,"href":"https:\/\/produktion-besser-machen.de\/index.php?rest_route=\/wp\/v2\/pages\/968\/revisions"}],"predecessor-version":[{"id":1005,"href":"https:\/\/produktion-besser-machen.de\/index.php?rest_route=\/wp\/v2\/pages\/968\/revisions\/1005"}],"wp:attachment":[{"href":"https:\/\/produktion-besser-machen.de\/index.php?rest_route=%2Fwp%2Fv2%2Fmedia&parent=968"}],"curies":[{"name":"wp","href":"https:\/\/api.w.org\/{rel}","templated":true}]}}